{"id":1841,"date":"2021-04-14T11:24:44","date_gmt":"2021-04-14T10:24:44","guid":{"rendered":"https:\/\/destadswal.nl\/?page_id=1841"},"modified":"2025-06-05T11:00:28","modified_gmt":"2025-06-05T10:00:28","slug":"contact-2","status":"publish","type":"page","link":"https:\/\/destadswal.nl\/index.php\/fr\/contact-2\/","title":{"rendered":"Contact"},"content":{"rendered":"\n<p>N&#8217;h\u00e9sitez pas \u00e0 nous contacter! Vous pouvez nous appeler, nous envoyer un courriel ou un message texte. Nous vous r\u00e9pondrons dans les meilleurs d\u00e9lais.<\/p>\n\n\n\n<p>Cliquez ici pour faire votre <a href=\"https:\/\/destadswal.nl\/index.php\/fr\/reservation\/\">r\u00e9servation<\/a> directement.<\/p>\n\n\n\n<div class=\"wp-block-columns is-layout-flex wp-container-core-columns-is-layout-9d6595d7 wp-block-columns-is-layout-flex\">\n<div class=\"wp-block-column is-layout-flow wp-block-column-is-layout-flow\" style=\"flex-basis:33.33%\">\n<p><strong>T\u00e9l\u00e9phone:<\/strong><\/p>\n\n\n\n<p><strong>E-mail:<\/strong><\/p>\n\n\n\n<p><strong>Adresse:<\/strong><\/p>\n<\/div>\n\n\n\n<div class=\"wp-block-column is-layout-flow wp-block-column-is-layout-flow\" style=\"flex-basis:66.66%\">\n<p><a href=\"tel:+31621424349\">+31  6  21 42 43 49<\/a><\/p>\n\n\n\n<p><a href=\"mailto:reserveer@destadswal.nl\">reserveer@destadswal.nl<\/a><\/p>\n\n\n\n<p>Brusselsestraat 3A, 6211 PA, Maastricht, Pays-Bas<\/p>\n<\/div>\n<\/div>\n\n\n\n<div class=\"wp-block-columns is-layout-flex wp-container-core-columns-is-layout-9d6595d7 wp-block-columns-is-layout-flex\">\n<div class=\"wp-block-column is-layout-flow wp-block-column-is-layout-flow\" style=\"flex-basis:33.33%\">\n<p><a href=\"https:\/\/www.google.nl\/maps\/place\/Brusselsestraat+3A,+6211+PA+Maastricht\/@50.849618,5.6833755,17z\/data=!3m1!4b1!4m5!3m4!1s0x47c0e9b6e3d7871f:0xdf4a1ba4399dd611!8m2!3d50.8496146!4d5.6855642\" target=\"_blank\" rel=\"noreferrer noopener\">Regardez ici pour l&#8217;itin\u00e9raire<\/a><\/p>\n<\/div>\n\n\n\n<div class=\"wp-block-column is-layout-flow wp-block-column-is-layout-flow\" style=\"flex-basis:66.66%\">\n<figure class=\"wp-block-image size-large\"><img loading=\"lazy\" decoding=\"async\" width=\"1024\" height=\"678\" src=\"https:\/\/destadswal.nl\/wp-content\/uploads\/2021\/02\/Maastricht-centrum-1024x678.jpg\" alt=\"Contact\" class=\"wp-image-905\" srcset=\"https:\/\/destadswal.nl\/wp-content\/uploads\/2021\/02\/Maastricht-centrum-1024x678.jpg 1024w, https:\/\/destadswal.nl\/wp-content\/uploads\/2021\/02\/Maastricht-centrum-300x199.jpg 300w, https:\/\/destadswal.nl\/wp-content\/uploads\/2021\/02\/Maastricht-centrum-768x509.jpg 768w, https:\/\/destadswal.nl\/wp-content\/uploads\/2021\/02\/Maastricht-centrum-940x623.jpg 940w, https:\/\/destadswal.nl\/wp-content\/uploads\/2021\/02\/Maastricht-centrum-604x400.jpg 604w, https:\/\/destadswal.nl\/wp-content\/uploads\/2021\/02\/Maastricht-centrum-600x398.jpg 600w, https:\/\/destadswal.nl\/wp-content\/uploads\/2021\/02\/Maastricht-centrum.jpg 1126w\" sizes=\"auto, (max-width: 1024px) 100vw, 1024px\" \/><\/figure>\n<\/div>\n<\/div>\n\n\n\n<p><\/p>\n","protected":false},"excerpt":{"rendered":"<p>N&#8217;h\u00e9sitez pas \u00e0 nous contacter! Vous pouvez nous appeler, nous envoyer un courriel ou un message texte. Nous vous r\u00e9pondrons dans les meilleurs d\u00e9lais. Cliquez ici pour faire votre r\u00e9servation directement. T\u00e9l\u00e9phone: E-mail: Adresse: +31&hellip; <a href=\"https:\/\/destadswal.nl\/index.php\/fr\/contact-2\/\">More<\/a><\/p>\n","protected":false},"author":1,"featured_media":0,"parent":0,"menu_order":0,"comment_status":"closed","ping_status":"closed","template":"","meta":{"footnotes":""},"class_list":["post-1841","page","type-page","status-publish","hentry"],"yoast_head":"<!-- This site is optimized with the Yoast SEO plugin v27.6 - https:\/\/yoast.com\/product\/yoast-seo-wordpress\/ -->\n<title>Contact : pour toutes vos r\u00e9servations et questions B&amp;B de Stadwal<\/title>\n<meta name=\"description\" content=\"Chambres d&#039;h\u00f4tes \u00e0 Maastricht, est un B&amp;B calme au centre de Maastricht, prenez contact avec le Stadswal et r\u00e9server un s\u00e9jour.\" \/>\n<meta name=\"robots\" content=\"index, follow, max-snippet:-1, max-image-preview:large, max-video-preview:-1\" \/>\n<link rel=\"canonical\" href=\"https:\/\/destadswal.nl\/index.php\/fr\/contact-2\/\" \/>\n<meta property=\"og:locale\" content=\"nl_NL\" \/>\n<meta property=\"og:type\" content=\"article\" \/>\n<meta property=\"og:title\" content=\"Contact : pour toutes vos r\u00e9servations et questions B&amp;B de Stadwal\" \/>\n<meta property=\"og:description\" content=\"Chambres d&#039;h\u00f4tes \u00e0 Maastricht, est un B&amp;B calme au centre de Maastricht, prenez contact avec le Stadswal et r\u00e9server un s\u00e9jour.\" \/>\n<meta property=\"og:url\" content=\"https:\/\/destadswal.nl\/index.php\/fr\/contact-2\/\" \/>\n<meta property=\"og:site_name\" content=\"B&amp;B de Stadswal Maastricht\" \/>\n<meta property=\"article:modified_time\" content=\"2025-06-05T10:00:28+00:00\" \/>\n<meta property=\"og:image\" content=\"https:\/\/destadswal.nl\/wp-content\/uploads\/2021\/02\/Maastricht-centrum.jpg\" \/>\n\t<meta property=\"og:image:width\" content=\"1126\" \/>\n\t<meta property=\"og:image:height\" content=\"746\" \/>\n\t<meta property=\"og:image:type\" content=\"image\/jpeg\" \/>\n<meta name=\"twitter:card\" content=\"summary_large_image\" \/>\n<meta name=\"twitter:label1\" content=\"Verwachte leestijd\" \/>\n\t<meta name=\"twitter:data1\" content=\"1 minuut\" \/>\n<script type=\"application\/ld+json\" class=\"yoast-schema-graph\">{\"@context\":\"https:\\\/\\\/schema.org\",\"@graph\":[{\"@type\":\"WebPage\",\"@id\":\"https:\\\/\\\/destadswal.nl\\\/index.php\\\/fr\\\/contact-2\\\/\",\"url\":\"https:\\\/\\\/destadswal.nl\\\/index.php\\\/fr\\\/contact-2\\\/\",\"name\":\"Contact : pour toutes vos r\u00e9servations et questions B&B de Stadwal\",\"isPartOf\":{\"@id\":\"https:\\\/\\\/destadswal.nl\\\/#website\"},\"primaryImageOfPage\":{\"@id\":\"https:\\\/\\\/destadswal.nl\\\/index.php\\\/fr\\\/contact-2\\\/#primaryimage\"},\"image\":{\"@id\":\"https:\\\/\\\/destadswal.nl\\\/index.php\\\/fr\\\/contact-2\\\/#primaryimage\"},\"thumbnailUrl\":\"https:\\\/\\\/destadswal.nl\\\/wp-content\\\/uploads\\\/2021\\\/02\\\/Maastricht-centrum-1024x678.jpg\",\"datePublished\":\"2021-04-14T10:24:44+00:00\",\"dateModified\":\"2025-06-05T10:00:28+00:00\",\"description\":\"Chambres d'h\u00f4tes \u00e0 Maastricht, est un B&B calme au centre de Maastricht, prenez contact avec le Stadswal et r\u00e9server un s\u00e9jour.\",\"breadcrumb\":{\"@id\":\"https:\\\/\\\/destadswal.nl\\\/index.php\\\/fr\\\/contact-2\\\/#breadcrumb\"},\"inLanguage\":\"nl-NL\",\"potentialAction\":[{\"@type\":\"ReadAction\",\"target\":[\"https:\\\/\\\/destadswal.nl\\\/index.php\\\/fr\\\/contact-2\\\/\"]}]},{\"@type\":\"ImageObject\",\"inLanguage\":\"nl-NL\",\"@id\":\"https:\\\/\\\/destadswal.nl\\\/index.php\\\/fr\\\/contact-2\\\/#primaryimage\",\"url\":\"https:\\\/\\\/destadswal.nl\\\/wp-content\\\/uploads\\\/2021\\\/02\\\/Maastricht-centrum.jpg\",\"contentUrl\":\"https:\\\/\\\/destadswal.nl\\\/wp-content\\\/uploads\\\/2021\\\/02\\\/Maastricht-centrum.jpg\",\"width\":1126,\"height\":746},{\"@type\":\"BreadcrumbList\",\"@id\":\"https:\\\/\\\/destadswal.nl\\\/index.php\\\/fr\\\/contact-2\\\/#breadcrumb\",\"itemListElement\":[{\"@type\":\"ListItem\",\"position\":1,\"name\":\"Home\",\"item\":\"https:\\\/\\\/destadswal.nl\\\/\"},{\"@type\":\"ListItem\",\"position\":2,\"name\":\"Contact\"}]},{\"@type\":\"WebSite\",\"@id\":\"https:\\\/\\\/destadswal.nl\\\/#website\",\"url\":\"https:\\\/\\\/destadswal.nl\\\/\",\"name\":\"B&amp;B de Stadswal Maastricht\",\"description\":\"Bed and Breakfast in het centrum van Maastricht\",\"potentialAction\":[{\"@type\":\"SearchAction\",\"target\":{\"@type\":\"EntryPoint\",\"urlTemplate\":\"https:\\\/\\\/destadswal.nl\\\/?s={search_term_string}\"},\"query-input\":{\"@type\":\"PropertyValueSpecification\",\"valueRequired\":true,\"valueName\":\"search_term_string\"}}],\"inLanguage\":\"nl-NL\"}]}<\/script>\n<!-- \/ Yoast SEO plugin. -->","yoast_head_json":{"title":"Contact : pour toutes vos r\u00e9servations et questions B&B de Stadwal","description":"Chambres d'h\u00f4tes \u00e0 Maastricht, est un B&B calme au centre de Maastricht, prenez contact avec le Stadswal et r\u00e9server un s\u00e9jour.","robots":{"index":"index","follow":"follow","max-snippet":"max-snippet:-1","max-image-preview":"max-image-preview:large","max-video-preview":"max-video-preview:-1"},"canonical":"https:\/\/destadswal.nl\/index.php\/fr\/contact-2\/","og_locale":"nl_NL","og_type":"article","og_title":"Contact : pour toutes vos r\u00e9servations et questions B&B de Stadwal","og_description":"Chambres d'h\u00f4tes \u00e0 Maastricht, est un B&B calme au centre de Maastricht, prenez contact avec le Stadswal et r\u00e9server un s\u00e9jour.","og_url":"https:\/\/destadswal.nl\/index.php\/fr\/contact-2\/","og_site_name":"B&amp;B de Stadswal Maastricht","article_modified_time":"2025-06-05T10:00:28+00:00","og_image":[{"width":1126,"height":746,"url":"https:\/\/destadswal.nl\/wp-content\/uploads\/2021\/02\/Maastricht-centrum.jpg","type":"image\/jpeg"}],"twitter_card":"summary_large_image","twitter_misc":{"Verwachte leestijd":"1 minuut"},"schema":{"@context":"https:\/\/schema.org","@graph":[{"@type":"WebPage","@id":"https:\/\/destadswal.nl\/index.php\/fr\/contact-2\/","url":"https:\/\/destadswal.nl\/index.php\/fr\/contact-2\/","name":"Contact : pour toutes vos r\u00e9servations et questions B&B de Stadwal","isPartOf":{"@id":"https:\/\/destadswal.nl\/#website"},"primaryImageOfPage":{"@id":"https:\/\/destadswal.nl\/index.php\/fr\/contact-2\/#primaryimage"},"image":{"@id":"https:\/\/destadswal.nl\/index.php\/fr\/contact-2\/#primaryimage"},"thumbnailUrl":"https:\/\/destadswal.nl\/wp-content\/uploads\/2021\/02\/Maastricht-centrum-1024x678.jpg","datePublished":"2021-04-14T10:24:44+00:00","dateModified":"2025-06-05T10:00:28+00:00","description":"Chambres d'h\u00f4tes \u00e0 Maastricht, est un B&B calme au centre de Maastricht, prenez contact avec le Stadswal et r\u00e9server un s\u00e9jour.","breadcrumb":{"@id":"https:\/\/destadswal.nl\/index.php\/fr\/contact-2\/#breadcrumb"},"inLanguage":"nl-NL","potentialAction":[{"@type":"ReadAction","target":["https:\/\/destadswal.nl\/index.php\/fr\/contact-2\/"]}]},{"@type":"ImageObject","inLanguage":"nl-NL","@id":"https:\/\/destadswal.nl\/index.php\/fr\/contact-2\/#primaryimage","url":"https:\/\/destadswal.nl\/wp-content\/uploads\/2021\/02\/Maastricht-centrum.jpg","contentUrl":"https:\/\/destadswal.nl\/wp-content\/uploads\/2021\/02\/Maastricht-centrum.jpg","width":1126,"height":746},{"@type":"BreadcrumbList","@id":"https:\/\/destadswal.nl\/index.php\/fr\/contact-2\/#breadcrumb","itemListElement":[{"@type":"ListItem","position":1,"name":"Home","item":"https:\/\/destadswal.nl\/"},{"@type":"ListItem","position":2,"name":"Contact"}]},{"@type":"WebSite","@id":"https:\/\/destadswal.nl\/#website","url":"https:\/\/destadswal.nl\/","name":"B&amp;B de Stadswal Maastricht","description":"Bed and Breakfast in het centrum van Maastricht","potentialAction":[{"@type":"SearchAction","target":{"@type":"EntryPoint","urlTemplate":"https:\/\/destadswal.nl\/?s={search_term_string}"},"query-input":{"@type":"PropertyValueSpecification","valueRequired":true,"valueName":"search_term_string"}}],"inLanguage":"nl-NL"}]}},"_links":{"self":[{"href":"https:\/\/destadswal.nl\/index.php\/wp-json\/wp\/v2\/pages\/1841","targetHints":{"allow":["GET"]}}],"collection":[{"href":"https:\/\/destadswal.nl\/index.php\/wp-json\/wp\/v2\/pages"}],"about":[{"href":"https:\/\/destadswal.nl\/index.php\/wp-json\/wp\/v2\/types\/page"}],"author":[{"embeddable":true,"href":"https:\/\/destadswal.nl\/index.php\/wp-json\/wp\/v2\/users\/1"}],"replies":[{"embeddable":true,"href":"https:\/\/destadswal.nl\/index.php\/wp-json\/wp\/v2\/comments?post=1841"}],"version-history":[{"count":8,"href":"https:\/\/destadswal.nl\/index.php\/wp-json\/wp\/v2\/pages\/1841\/revisions"}],"predecessor-version":[{"id":2355,"href":"https:\/\/destadswal.nl\/index.php\/wp-json\/wp\/v2\/pages\/1841\/revisions\/2355"}],"wp:attachment":[{"href":"https:\/\/destadswal.nl\/index.php\/wp-json\/wp\/v2\/media?parent=1841"}],"curies":[{"name":"wp","href":"https:\/\/api.w.org\/{rel}","templated":true}]}}